ate the highest common divisor of 22 and d.
2
Suppose l = -4*l + 475. Let k = -41 - -31. Let s(z) = z**2 + 8*z + 18. Let b be s(k). Calculate the highest common divisor of l and b.
19
Let s be (8 - 4) + (0 - 28). Let z = 15 + s. Let k = z + 21. Calculate the greatest common divisor of k and 6.
6
Let p be -2*8/(48/153). Let s = p - -64. Calculate the highest common factor of 143 and s.
13
Let p(a) = 8*a**2 + a. Let y be p(-1). Suppose -7*d + y = -35. What is the greatest common factor of d and 30?
6
Let n(i) = i**2 + 5*i + 4. Let q be n(-5). Let x = q - 2. Suppose x*z - 2*y = 16, 0 = 5*z - 2*y - y - 42. What is the greatest common factor of 9 and z?
9
Suppose -m + 4*v = 4, -4*m + 2*v + 17 = 5. Suppose -6*f = -f - 220. Calculate the highest common factor of f and m.
4
Let t = -4 + 39. Suppose -177*l + 176*l = -70. What is the highest common divisor of t and l?
35
Let l = 145 - -84. Let d(r) = 6*r**2 + r. Let b be d(-1). Suppose b*f - l = 716. What is the greatest common factor of 21 and f?
21
Let j = 1218 - 327. Suppose 8*u - j = 5*u. What is the highest common divisor of u and 33?
33
Suppose 2*v - 3*v + 10 = 0. Let l be (3 - (-34)/6) + (-8)/(-6). What is the greatest common factor of v and l?
10
Let c(g) = -6*g - 117. Let m be c(-48). Calculate the highest common divisor of m and 38.
19
Let x(v) = -2*v + 27. Let u be x(12). Let j be (256/(-12))/(-4)*u. Calculate the greatest common divisor of j and 48.
16
Let l(b) = -6*b**2 - 40*b + 6. Let s be l(-4). Suppose v = 3*k - 12 + 1, -k = -2*v - 7. Let f be (-40)/(-3) - v/3. What is the highest common factor of s and f?
14
Let i be (30/(-9))/(3*(-2)/9). Suppose 123 = i*q + 3*s - 5*s, -3*s = -q + 35. What is the highest common divisor of q and 115?
23
Let h = 273 - 257. What is the greatest common factor of h and 304?
16
Let m = 86 - -2. Let i = 53 + -28. Let j = i + -17. Calculate the highest common divisor of m and j.
8
Let s = -392 + 408. Calculate the highest common factor of 752 and s.
16
Let x be (107/(-7) + 5)/(3/(-56)). Calculate the greatest common divisor of 12 and x.
12
Suppose -196 = -4*y + 4*p, p + 145 = 2*y + y. Suppose y = 4*w + 12. Let m be (2/4)/(1/36). Calculate the highest common divisor of w and m.
9
Let o = 149 - 61. Calculate the highest common divisor of o and 8.
8
Let a be ((-7)/5)/((-3)/(-17 - -62)). Calculate the highest common divisor of a and 903.
21
Suppose 0 = -z - 3*k - 45 + 48, -2*z + 3*k = -24. Calculate the highest common factor of 423 and z.
9
Let n = -17 - -13. Let b be n/(3*(-4)/24). What is the greatest common divisor of 40 and b?
8
Suppose -39*i = -38*i - 96. Suppose 5 = 5*r - 55. Calculate the highest common divisor of r and i.
12
Let z be (-1370)/(-8) + (-6)/24. Let c = z - 72. Let y = 29 - 18. Calculate the highest common factor of y and c.
11
Suppose 3*c = j - 349, -2*c = 3*c - 10. Calculate the greatest common factor of 5 and j.
5
Suppose -83 = -3*g + 82. Suppose -24*t + 29*t - g = 0. Calculate the greatest common divisor of 176 and t.
11
Let r(t) be the second derivative of 0 + 1/12*t**4 - 7*t - 4/3*t**3 + 7*t**2. Let d be r(6). What is the highest common divisor of 18 and d?
2
Let i(n) = n**2 + n - 2680. Let x be i(0). Let y be 2/8 - x/32. Suppose -16*v + 13*v + 36 = 0. What is the greatest common factor of v and y?
12
Let p be 2/7 - (-94)/14. Let w be 3 - (1 + 2 + -2). Let z be w*49*2/4. Calculate the highest common factor of p and z.
7
Let m = 25 - 18. Suppose 18*i - 350 = -7*i. What is the highest common factor of m and i?
7
Suppose 0 = -175*c + 179*c - 16. Suppose -c*u + 16 + 16 = 0. What is the highest common divisor of u and 128?
8
Suppose -3*s - 2 = q - 0, 4*q - 3*s - 7 = 0. Let i be 18/6 - (-4)/q. What is the greatest common factor of 56 and i?
7
Suppose -37 = -8*n - 197. Let t = n - -28. Calculate the greatest common factor of 16 and t.
8
Suppose -87 = -3*c + 3*v - 4*v, -4*c + 121 = 3*v. Calculate the highest common divisor of c and 28.
28
Let p = 1059 - 630. What is the greatest common factor of 78 and p?
39
Let f be 6/(-9)*9/6. Let u = 6 - f. Let w be (-14)/u*(-20 + 0). Calculate the highest common factor of 10 and w.
10
Let a = -7 - -15. Let v be (15/(-6))/5*192. Let d = -8 - v. Calculate the greatest common divisor of d and a.
8
Let x(g) = g**3 + 4*g**2 - 7*g - 7. Let y be x(-6). Let f = y - 40. Let k = -43 - f. What is the greatest common divisor of 85 and k?
17
Suppose 59 = 4*b - 4*c - 109, -2*b - 4*c + 96 = 0. Calculate the highest common factor of b and 220.
44
Suppose -32 = -3*j - 11. Let k(d) = d**3 + 9*d**2 - 3*d - 10. Let o be k(-8). Let p = -22 + o. What is the greatest common factor of p and j?
7
Let x = -460 + 227. Let o be (-6)/33 + x/(-11). Let l be (-8 - -3 - -4)*-105. What is the greatest common divisor of o and l?
21
Suppose 22 - 2 = 5*a, q = -2*a + 114. Calculate the greatest common divisor of 901 and q.
53
Let z be 61 + -21 + 12 + -3. What is the greatest common factor of 91 and z?
7
Suppose 0 = 74*d - 66*d - 24. Let y be (3/2)/((-1)/(-6)). Suppose -m + y = v - 7, -d*m + 40 = v. What is the greatest common divisor of 48 and m?
12
Let p(y) = -5*y + 145. Let q be p(25). Calculate the highest common divisor of 630 and q.
10
Let m = 87 - 47. Let w(o) = o + 17. Let l be w(-7). Calculate the highest common factor of l and m.
10
Suppose 3*n = -2*k + 1518, -184*n + 3813 = 5*k - 181*n. What is the highest common factor of 340 and k?
85
Suppose w - 4*w - 69 = 0. Let x = w - -35. Suppose 137 = 4*y - 3*f, 0 = 4*f - 8*f - x. What is the greatest common factor of y and 256?
32
Let o = 174 - 81. Suppose -5*y + 81 = 4*z - o, 2*z = -y + 36. Let p = -3 + y. What is the greatest common divisor of p and 62?
31
Suppose -3 = 3*t, -4*l - 3*t + 51 + 86 = 0. Suppose 2*z - 52 = 100. Let o = -69 + z. Calculate the greatest common divisor of o and l.
7
Suppose -25 = a - 0*a. Let q be 2/10 - 120/a. Suppose q = s - 0*s. What is the highest common divisor of 25 and s?
5
Let b = 3 - 1. Suppose 2*k - b = 6. Suppose n = k*a - 27, -4 - 2 = -3*a - 4*n. Calculate the highest common divisor of a and 6.
6
Let i(r) = -28*r - 224. Let a be i(-16). Calculate the highest common divisor of 128 and a.
32
Let v(g) = g**3 - 27*g**2 - 26*g - 36. Let w be v(28). Calculate the greatest common factor of w and 80.
20
Let s be ((-28)/(-14))/((-3)/(-1938)). What is the highest common divisor of s and 57?
19
Let u(q) = -q**3 + 3*q**2 + 4*q - 2. Suppose 4*s + 3*s + 14 = 0. Let g be u(s). Let r = -2 + 4. What is the greatest common factor of r and g?
2
Suppose 3*d - 21 = -2*y, 4*d - 3*d + 4*y + 3 = 0. Let k be (2 + -4)/(2/(-3)). What is the greatest common divisor of k and d?
3
Let m be (-20691)/(-847) + (-3)/7. What is the greatest common divisor of m and 636?
12
Let q = -897 + 904. Calculate the greatest common factor of 224 and q.
7
Let k(b) = 17*b**2 + b + 2. Let y be k(-2). Let x be (2340/16)/9 - (-9)/12. What is the greatest common divisor of x and y?
17
Let o be -52*(-15)/(-6)*(-1)/5. Calculate the highest common factor of o and 39.
13
Suppose 9*c + 74 - 272 = 0. Let m = 76 - c. Calculate the highest common divisor of m and 6.
6
Suppose 5*f + 2*k = 191, 4*f - 205 = -f + 5*k. What is the highest common factor of f and 91?
13
Suppose -5*v + 12*v = 490. What is the highest common divisor of 154 and v?
14
Suppose 0 = -4*t - 4*o - 26 - 18, o + 5 = 0. Let m = t + 22. Suppose -m = k - 3*k. Calculate the greatest common divisor of k and 1.
1
Let q = 23 - 4. Suppose 4*j = q - 3. Suppose -6 = -2*v - 0*v - 3*t, 0 = j*v + t - 32. Calculate the greatest common divisor of 63 and v.
9
Suppose -4 = 2*o + 2*o - 4*b, 5*o + 2*b = -40. Let w(q) = -6 + 2*q + 2 + 2*q**2 + 1. Let d be w(o). Calculate the highest common divisor of 19 and d.
19
Let y = 434 + -419. Suppose -4 = -2*p, 3*p + 414 = 7*i - 3*i. Calculate the greatest common factor of y and i.
15
Suppose -2*c - 492 = -6*c. Calculate the highest common factor of c and 3.
3
Suppose -243 = -2*k - 47. Suppose -b = -2*m - 119, -2*b - k = 2*m - 324. What is the greatest common divisor of 46 and b?
23
Suppose 8 = 4*d + 5*t - 270, -3*t = 3*d - 210. Calculate the greatest common factor of 27 and d.
9
Let k = -5 + 9. Suppose -2*r + 73 = -5*q, k*r - 2*q - 2*q = 152. Calculate the greatest common factor of r and 156.
39
Suppose 26*x - 688 - 144 = 